{"id":3162,"date":"2026-02-17T10:36:21","date_gmt":"2026-02-17T08:36:21","guid":{"rendered":"https:\/\/casino-site-amp100.top\/?page_id=3162"},"modified":"2026-02-17T10:36:42","modified_gmt":"2026-02-17T08:36:42","slug":"responsible-gaming-tr","status":"publish","type":"page","link":"https:\/\/casino-site-amp100.top\/tr\/responsible-gaming-tr\/","title":{"rendered":"Responsible Gaming tr"},"content":{"rendered":"<h1>Sorumlu Oyunculuk<\/h1>\n<p>Kumar ba\u011f\u0131ml\u0131l\u0131\u011f\u0131, tan\u0131n\u0131p tedavi edilmedi\u011fi takdirde ki\u015finin hayat\u0131nda son derece ciddi ve y\u0131k\u0131c\u0131 sonu\u00e7lara yol a\u00e7abilen karma\u015f\u0131k bir durumdur. Bu sorun depresyon ve anksiyete bozukluklar\u0131 gibi di\u011fer ruhsal hastal\u0131klarla da ili\u015fkilendirilebilir.<\/p>\n<h2>Ak\u0131ll\u0131 oyna<\/h2>\n<p>1xBet, sorumlu oyun ilkelerini s\u00fcrd\u00fcrmek i\u00e7in \u00e7ok \u00e7aba harc\u0131yor. K\u00fc\u00e7\u00fck bir sorunun ciddi bir ba\u011f\u0131ml\u0131l\u0131\u011fa d\u00f6n\u00fc\u015fmesini \u00f6nlemek i\u00e7in oyuncular\u0131n dikkatli olmalar\u0131 ve olas\u0131 sorun belirtilerine dikkat etmeleri tavsiye edilir.<\/p>\n<p>Bilin\u00e7li kumar ba\u011f\u0131ml\u0131l\u0131\u011f\u0131, ba\u011f\u0131ml\u0131l\u0131k geli\u015ftirme risklerini tan\u0131ma yetene\u011fini de i\u00e7erir. Kendi kendine analiz i\u00e7in \u00f6zel testler kullan\u0131labilir.<\/p>\n<h3>\u00d6rne\u011fin:<\/h3>\n<ol>\n<li>Fonlar d\u00fc\u015f\u00fcncesizce ve kontrol d\u0131\u015f\u0131 m\u0131 harcan\u0131yor?<\/li>\n<li>Kumar oynamak i\u00e7in bor\u00e7 mu ald\u0131lar ya da para \u00e7ald\u0131lar m\u0131?<\/li>\n<li>Oyun al\u0131\u015fkanl\u0131klar\u0131 tart\u0131\u015f\u0131ld\u0131\u011f\u0131nda sald\u0131rgan m\u0131 yoksa temkinli mi davran\u0131yorlar?<\/li>\n<li>Bahis tak\u0131nt\u0131lar\u0131 nedeniyle aileleri ve arkada\u015flar\u0131yla ge\u00e7irecekleri zaman ikinci plana m\u0131 at\u0131l\u0131yor?<\/li>\n<li>Kumar al\u0131\u015fkanl\u0131klar\u0131n\u0131 ya da kay\u0131plar\u0131n\u0131 gizlediler mi?<\/li>\n<\/ol>\n<p>\u00dc\u00e7 veya daha fazla sorunun yan\u0131t\u0131 &#8216;evet&#8217; ise bu olas\u0131 bir soruna i\u015faret edebilir.<\/p>\n<h2>Nereden Destek Al\u0131n\u0131r?<\/h2>\n<p>1xBet, kullan\u0131c\u0131lar\u0131n platformda rahat ve keyifle vakit ge\u00e7irmesini istiyor. Kontrolden \u00e7\u0131kt\u0131\u011f\u0131n\u0131 hisseden ki\u015filer i\u00e7in yard\u0131m alabilecekleri \u00e7e\u015fitli yerler vard\u0131r.<\/p>\n<p>1xBet web sitesinde oyuncular, bahislere eri\u015fimlerini 24 saatten 6 aya veya daha uzun bir s\u00fcreye kadar ba\u011f\u0131ms\u0131z olarak s\u0131n\u0131rlama olana\u011f\u0131na sahiptir.<\/p>\n<h2>Kumar ba\u011f\u0131ml\u0131l\u0131\u011f\u0131yla m\u00fccadeleye yard\u0131mc\u0131 olacak ek kaynaklar \u015funlar\u0131 i\u00e7erir:<\/h2>\n<ul>\n<li>Siber Devriye<\/li>\n<li>GamCare<\/li>\n<li>Kumar Bilinci<\/li>\n<li>Anonim Oyuncularsorumlu kumar<\/li>\n<\/ul>\n","protected":false},"excerpt":{"rendered":"<p>Sorumlu Oyunculuk Kumar ba\u011f\u0131ml\u0131l\u0131\u011f\u0131, tan\u0131n\u0131p tedavi edilmedi\u011fi takdirde ki\u015finin hayat\u0131nda son derece ciddi ve y\u0131k\u0131c\u0131 sonu\u00e7lara yol a\u00e7abilen karma\u015f\u0131k bir durumdur. Bu sorun depresyon ve anksiyete bozukluklar\u0131 gibi di\u011fer ruhsal hastal\u0131klarla da ili\u015fkilendirilebilir. Ak\u0131ll\u0131 oyna 1xBet, sorumlu oyun ilkelerini s\u00fcrd\u00fcrmek i\u00e7in \u00e7ok \u00e7aba harc\u0131yor. K\u00fc\u00e7\u00fck bir sorunun ciddi bir ba\u011f\u0131ml\u0131l\u0131\u011fa d\u00f6n\u00fc\u015fmesini \u00f6nlemek i\u00e7in oyuncular\u0131n dikkatli [&hellip;]<\/p>\n","protected":false},"author":1,"featured_media":0,"parent":0,"menu_order":0,"comment_status":"closed","ping_status":"closed","template":"onas.php","meta":{"_acf_changed":false,"footnotes":""},"class_list":["post-3162","page","type-page","status-publish","hentry"],"acf":[],"yoast_head":"<!-- This site is optimized with the Yoast SEO plugin v27.0 - https:\/\/yoast.com\/product\/yoast-seo-wordpress\/ -->\n<title>Risk Y\u00f6netimi ve Sorumlu Oyun: 1xBet&#039;te Nas\u0131l \u00c7al\u0131\u015f\u0131r?<\/title>\n<meta name=\"description\" content=\"1xBet sorumlu bahisleri destekler. Kendi kendini izleme ara\u00e7lar\u0131m\u0131z ve g\u00fcvenli bir \u015fekilde oynamaya y\u00f6nelik ipu\u00e7lar\u0131m\u0131z hakk\u0131nda bilgi edinin.\" \/>\n<meta name=\"robots\" content=\"index, follow, max-snippet:-1, max-image-preview:large, max-video-preview:-1\" \/>\n<link rel=\"canonical\" href=\"https:\/\/casino-site-amp100.top\/tr\/responsible-gaming-tr\/\" \/>\n<meta property=\"og:locale\" content=\"ru_RU\" \/>\n<meta property=\"og:type\" content=\"article\" \/>\n<meta property=\"og:title\" content=\"Risk Y\u00f6netimi ve Sorumlu Oyun: 1xBet&#039;te Nas\u0131l \u00c7al\u0131\u015f\u0131r?\" \/>\n<meta property=\"og:description\" content=\"1xBet sorumlu bahisleri destekler. Kendi kendini izleme ara\u00e7lar\u0131m\u0131z ve g\u00fcvenli bir \u015fekilde oynamaya y\u00f6nelik ipu\u00e7lar\u0131m\u0131z hakk\u0131nda bilgi edinin.\" \/>\n<meta property=\"og:url\" content=\"https:\/\/casino-site-amp100.top\/tr\/responsible-gaming-tr\/\" \/>\n<meta property=\"og:site_name\" content=\"casino-site-amp100.top\" \/>\n<meta property=\"article:modified_time\" content=\"2026-02-17T08:36:42+00:00\" \/>\n<script type=\"application\/ld+json\" class=\"yoast-schema-graph\">{\"@context\":\"https:\/\/schema.org\",\"@graph\":[{\"@type\":\"WebPage\",\"@id\":\"https:\/\/casino-site-amp100.top\/tr\/responsible-gaming-tr\/\",\"url\":\"https:\/\/casino-site-amp100.top\/tr\/responsible-gaming-tr\/\",\"name\":\"Risk Y\u00f6netimi ve Sorumlu Oyun: 1xBet'te Nas\u0131l \u00c7al\u0131\u015f\u0131r?\",\"isPartOf\":{\"@id\":\"https:\/\/casino-site-amp100.top\/#website\"},\"datePublished\":\"2026-02-17T08:36:21+00:00\",\"dateModified\":\"2026-02-17T08:36:42+00:00\",\"description\":\"1xBet sorumlu bahisleri destekler. Kendi kendini izleme ara\u00e7lar\u0131m\u0131z ve g\u00fcvenli bir \u015fekilde oynamaya y\u00f6nelik ipu\u00e7lar\u0131m\u0131z hakk\u0131nda bilgi edinin.\",\"breadcrumb\":{\"@id\":\"https:\/\/casino-site-amp100.top\/tr\/responsible-gaming-tr\/#breadcrumb\"},\"inLanguage\":\"ru-RU\",\"potentialAction\":[{\"@type\":\"ReadAction\",\"target\":[\"https:\/\/casino-site-amp100.top\/tr\/responsible-gaming-tr\/\"]}]},{\"@type\":\"BreadcrumbList\",\"@id\":\"https:\/\/casino-site-amp100.top\/tr\/responsible-gaming-tr\/#breadcrumb\",\"itemListElement\":[{\"@type\":\"ListItem\",\"position\":1,\"name\":\"Home\",\"item\":\"https:\/\/casino-site-amp100.top\/\"},{\"@type\":\"ListItem\",\"position\":2,\"name\":\"Responsible Gaming tr\"}]},{\"@type\":\"WebSite\",\"@id\":\"https:\/\/casino-site-amp100.top\/#website\",\"url\":\"https:\/\/casino-site-amp100.top\/\",\"name\":\"casino-site-amp100.top\",\"description\":\"\",\"potentialAction\":[{\"@type\":\"SearchAction\",\"target\":{\"@type\":\"EntryPoint\",\"urlTemplate\":\"https:\/\/casino-site-amp100.top\/?s={search_term_string}\"},\"query-input\":{\"@type\":\"PropertyValueSpecification\",\"valueRequired\":true,\"valueName\":\"search_term_string\"}}],\"inLanguage\":\"ru-RU\"}]}<\/script>\n<!-- \/ Yoast SEO plugin. -->","yoast_head_json":{"title":"Risk Y\u00f6netimi ve Sorumlu Oyun: 1xBet'te Nas\u0131l \u00c7al\u0131\u015f\u0131r?","description":"1xBet sorumlu bahisleri destekler. Kendi kendini izleme ara\u00e7lar\u0131m\u0131z ve g\u00fcvenli bir \u015fekilde oynamaya y\u00f6nelik ipu\u00e7lar\u0131m\u0131z hakk\u0131nda bilgi edinin.","robots":{"index":"index","follow":"follow","max-snippet":"max-snippet:-1","max-image-preview":"max-image-preview:large","max-video-preview":"max-video-preview:-1"},"canonical":"https:\/\/casino-site-amp100.top\/tr\/responsible-gaming-tr\/","og_locale":"ru_RU","og_type":"article","og_title":"Risk Y\u00f6netimi ve Sorumlu Oyun: 1xBet'te Nas\u0131l \u00c7al\u0131\u015f\u0131r?","og_description":"1xBet sorumlu bahisleri destekler. Kendi kendini izleme ara\u00e7lar\u0131m\u0131z ve g\u00fcvenli bir \u015fekilde oynamaya y\u00f6nelik ipu\u00e7lar\u0131m\u0131z hakk\u0131nda bilgi edinin.","og_url":"https:\/\/casino-site-amp100.top\/tr\/responsible-gaming-tr\/","og_site_name":"casino-site-amp100.top","article_modified_time":"2026-02-17T08:36:42+00:00","schema":{"@context":"https:\/\/schema.org","@graph":[{"@type":"WebPage","@id":"https:\/\/casino-site-amp100.top\/tr\/responsible-gaming-tr\/","url":"https:\/\/casino-site-amp100.top\/tr\/responsible-gaming-tr\/","name":"Risk Y\u00f6netimi ve Sorumlu Oyun: 1xBet'te Nas\u0131l \u00c7al\u0131\u015f\u0131r?","isPartOf":{"@id":"https:\/\/casino-site-amp100.top\/#website"},"datePublished":"2026-02-17T08:36:21+00:00","dateModified":"2026-02-17T08:36:42+00:00","description":"1xBet sorumlu bahisleri destekler. Kendi kendini izleme ara\u00e7lar\u0131m\u0131z ve g\u00fcvenli bir \u015fekilde oynamaya y\u00f6nelik ipu\u00e7lar\u0131m\u0131z hakk\u0131nda bilgi edinin.","breadcrumb":{"@id":"https:\/\/casino-site-amp100.top\/tr\/responsible-gaming-tr\/#breadcrumb"},"inLanguage":"ru-RU","potentialAction":[{"@type":"ReadAction","target":["https:\/\/casino-site-amp100.top\/tr\/responsible-gaming-tr\/"]}]},{"@type":"BreadcrumbList","@id":"https:\/\/casino-site-amp100.top\/tr\/responsible-gaming-tr\/#breadcrumb","itemListElement":[{"@type":"ListItem","position":1,"name":"Home","item":"https:\/\/casino-site-amp100.top\/"},{"@type":"ListItem","position":2,"name":"Responsible Gaming tr"}]},{"@type":"WebSite","@id":"https:\/\/casino-site-amp100.top\/#website","url":"https:\/\/casino-site-amp100.top\/","name":"casino-site-amp100.top","description":"","potentialAction":[{"@type":"SearchAction","target":{"@type":"EntryPoint","urlTemplate":"https:\/\/casino-site-amp100.top\/?s={search_term_string}"},"query-input":{"@type":"PropertyValueSpecification","valueRequired":true,"valueName":"search_term_string"}}],"inLanguage":"ru-RU"}]}},"amp_enabled":true,"_links":{"self":[{"href":"https:\/\/casino-site-amp100.top\/wp-json\/wp\/v2\/pages\/3162","targetHints":{"allow":["GET"]}}],"collection":[{"href":"https:\/\/casino-site-amp100.top\/wp-json\/wp\/v2\/pages"}],"about":[{"href":"https:\/\/casino-site-amp100.top\/wp-json\/wp\/v2\/types\/page"}],"author":[{"embeddable":true,"href":"https:\/\/casino-site-amp100.top\/wp-json\/wp\/v2\/users\/1"}],"replies":[{"embeddable":true,"href":"https:\/\/casino-site-amp100.top\/wp-json\/wp\/v2\/comments?post=3162"}],"version-history":[{"count":2,"href":"https:\/\/casino-site-amp100.top\/wp-json\/wp\/v2\/pages\/3162\/revisions"}],"predecessor-version":[{"id":3164,"href":"https:\/\/casino-site-amp100.top\/wp-json\/wp\/v2\/pages\/3162\/revisions\/3164"}],"wp:attachment":[{"href":"https:\/\/casino-site-amp100.top\/wp-json\/wp\/v2\/media?parent=3162"}],"curies":[{"name":"wp","href":"https:\/\/api.w.org\/{rel}","templated":true}]}}