{"id":3109,"date":"2026-02-16T14:59:15","date_gmt":"2026-02-16T12:59:15","guid":{"rendered":"https:\/\/casino-site-amp100.top\/?page_id=3109"},"modified":"2026-02-16T14:59:15","modified_gmt":"2026-02-16T12:59:15","slug":"hockey-betting-tr","status":"publish","type":"page","link":"https:\/\/casino-site-amp100.top\/tr\/hockey-betting-tr\/","title":{"rendered":"Hockey betting-tr"},"content":{"rendered":"","protected":false},"excerpt":{"rendered":"","protected":false},"author":1,"featured_media":0,"parent":0,"menu_order":0,"comment_status":"closed","ping_status":"closed","template":"home-new.php","meta":{"_acf_changed":false,"footnotes":""},"class_list":["post-3109","page","type-page","status-publish","hentry"],"acf":[],"yoast_head":"<!-- This site is optimized with the Yoast SEO plugin v27.0 - https:\/\/yoast.com\/product\/yoast-seo-wordpress\/ -->\n<title>1xbet T\u00fcrkiye: hokey bahisleri<\/title>\n<meta name=\"description\" content=\"1xbet T\u00fcrkiye&#039;de hokey bahisleri. Geni\u015f \u00e7izgi. Fauller, \u00e7\u0131k\u0131\u015flar ve di\u011fer istatistiksel g\u00f6stergeler \u00fczerine bahisler. Site s\u00fcrekli olarak \u00f6d\u00fcl \u00e7ekili\u015flerine ve promosyonlara ev sahipli\u011fi yapmaktad\u0131r. Oranlar T\u00fcrkiye&#039;nin en iyileri aras\u0131nda. Bahis i\u00e7in en iyi turnuvalar ve \u015fampiyonalar.\" \/>\n<meta name=\"robots\" content=\"index, follow, max-snippet:-1, max-image-preview:large, max-video-preview:-1\" \/>\n<link rel=\"canonical\" href=\"https:\/\/casino-site-amp100.top\/tr\/hockey-betting-tr\/\" \/>\n<meta property=\"og:locale\" content=\"ru_RU\" \/>\n<meta property=\"og:type\" content=\"article\" \/>\n<meta property=\"og:title\" content=\"1xbet T\u00fcrkiye: hokey bahisleri\" \/>\n<meta property=\"og:description\" content=\"1xbet T\u00fcrkiye&#039;de hokey bahisleri. Geni\u015f \u00e7izgi. Fauller, \u00e7\u0131k\u0131\u015flar ve di\u011fer istatistiksel g\u00f6stergeler \u00fczerine bahisler. Site s\u00fcrekli olarak \u00f6d\u00fcl \u00e7ekili\u015flerine ve promosyonlara ev sahipli\u011fi yapmaktad\u0131r. Oranlar T\u00fcrkiye&#039;nin en iyileri aras\u0131nda. Bahis i\u00e7in en iyi turnuvalar ve \u015fampiyonalar.\" \/>\n<meta property=\"og:url\" content=\"https:\/\/casino-site-amp100.top\/tr\/hockey-betting-tr\/\" \/>\n<meta property=\"og:site_name\" content=\"casino-site-amp100.top\" \/>\n<script type=\"application\/ld+json\" class=\"yoast-schema-graph\">{\"@context\":\"https:\/\/schema.org\",\"@graph\":[{\"@type\":\"WebPage\",\"@id\":\"https:\/\/casino-site-amp100.top\/tr\/hockey-betting-tr\/\",\"url\":\"https:\/\/casino-site-amp100.top\/tr\/hockey-betting-tr\/\",\"name\":\"1xbet T\u00fcrkiye: hokey bahisleri\",\"isPartOf\":{\"@id\":\"https:\/\/casino-site-amp100.top\/#website\"},\"datePublished\":\"2026-02-16T12:59:15+00:00\",\"description\":\"1xbet T\u00fcrkiye'de hokey bahisleri. Geni\u015f \u00e7izgi. Fauller, \u00e7\u0131k\u0131\u015flar ve di\u011fer istatistiksel g\u00f6stergeler \u00fczerine bahisler. Site s\u00fcrekli olarak \u00f6d\u00fcl \u00e7ekili\u015flerine ve promosyonlara ev sahipli\u011fi yapmaktad\u0131r. Oranlar T\u00fcrkiye'nin en iyileri aras\u0131nda. Bahis i\u00e7in en iyi turnuvalar ve \u015fampiyonalar.\",\"breadcrumb\":{\"@id\":\"https:\/\/casino-site-amp100.top\/tr\/hockey-betting-tr\/#breadcrumb\"},\"inLanguage\":\"ru-RU\",\"potentialAction\":[{\"@type\":\"ReadAction\",\"target\":[\"https:\/\/casino-site-amp100.top\/tr\/hockey-betting-tr\/\"]}]},{\"@type\":\"BreadcrumbList\",\"@id\":\"https:\/\/casino-site-amp100.top\/tr\/hockey-betting-tr\/#breadcrumb\",\"itemListElement\":[{\"@type\":\"ListItem\",\"position\":1,\"name\":\"Home\",\"item\":\"https:\/\/casino-site-amp100.top\/\"},{\"@type\":\"ListItem\",\"position\":2,\"name\":\"Hockey betting-tr\"}]},{\"@type\":\"WebSite\",\"@id\":\"https:\/\/casino-site-amp100.top\/#website\",\"url\":\"https:\/\/casino-site-amp100.top\/\",\"name\":\"casino-site-amp100.top\",\"description\":\"\",\"potentialAction\":[{\"@type\":\"SearchAction\",\"target\":{\"@type\":\"EntryPoint\",\"urlTemplate\":\"https:\/\/casino-site-amp100.top\/?s={search_term_string}\"},\"query-input\":{\"@type\":\"PropertyValueSpecification\",\"valueRequired\":true,\"valueName\":\"search_term_string\"}}],\"inLanguage\":\"ru-RU\"}]}<\/script>\n<!-- \/ Yoast SEO plugin. -->","yoast_head_json":{"title":"1xbet T\u00fcrkiye: hokey bahisleri","description":"1xbet T\u00fcrkiye'de hokey bahisleri. Geni\u015f \u00e7izgi. Fauller, \u00e7\u0131k\u0131\u015flar ve di\u011fer istatistiksel g\u00f6stergeler \u00fczerine bahisler. Site s\u00fcrekli olarak \u00f6d\u00fcl \u00e7ekili\u015flerine ve promosyonlara ev sahipli\u011fi yapmaktad\u0131r. Oranlar T\u00fcrkiye'nin en iyileri aras\u0131nda. Bahis i\u00e7in en iyi turnuvalar ve \u015fampiyonalar.","robots":{"index":"index","follow":"follow","max-snippet":"max-snippet:-1","max-image-preview":"max-image-preview:large","max-video-preview":"max-video-preview:-1"},"canonical":"https:\/\/casino-site-amp100.top\/tr\/hockey-betting-tr\/","og_locale":"ru_RU","og_type":"article","og_title":"1xbet T\u00fcrkiye: hokey bahisleri","og_description":"1xbet T\u00fcrkiye'de hokey bahisleri. Geni\u015f \u00e7izgi. Fauller, \u00e7\u0131k\u0131\u015flar ve di\u011fer istatistiksel g\u00f6stergeler \u00fczerine bahisler. Site s\u00fcrekli olarak \u00f6d\u00fcl \u00e7ekili\u015flerine ve promosyonlara ev sahipli\u011fi yapmaktad\u0131r. Oranlar T\u00fcrkiye'nin en iyileri aras\u0131nda. Bahis i\u00e7in en iyi turnuvalar ve \u015fampiyonalar.","og_url":"https:\/\/casino-site-amp100.top\/tr\/hockey-betting-tr\/","og_site_name":"casino-site-amp100.top","schema":{"@context":"https:\/\/schema.org","@graph":[{"@type":"WebPage","@id":"https:\/\/casino-site-amp100.top\/tr\/hockey-betting-tr\/","url":"https:\/\/casino-site-amp100.top\/tr\/hockey-betting-tr\/","name":"1xbet T\u00fcrkiye: hokey bahisleri","isPartOf":{"@id":"https:\/\/casino-site-amp100.top\/#website"},"datePublished":"2026-02-16T12:59:15+00:00","description":"1xbet T\u00fcrkiye'de hokey bahisleri. Geni\u015f \u00e7izgi. Fauller, \u00e7\u0131k\u0131\u015flar ve di\u011fer istatistiksel g\u00f6stergeler \u00fczerine bahisler. Site s\u00fcrekli olarak \u00f6d\u00fcl \u00e7ekili\u015flerine ve promosyonlara ev sahipli\u011fi yapmaktad\u0131r. Oranlar T\u00fcrkiye'nin en iyileri aras\u0131nda. Bahis i\u00e7in en iyi turnuvalar ve \u015fampiyonalar.","breadcrumb":{"@id":"https:\/\/casino-site-amp100.top\/tr\/hockey-betting-tr\/#breadcrumb"},"inLanguage":"ru-RU","potentialAction":[{"@type":"ReadAction","target":["https:\/\/casino-site-amp100.top\/tr\/hockey-betting-tr\/"]}]},{"@type":"BreadcrumbList","@id":"https:\/\/casino-site-amp100.top\/tr\/hockey-betting-tr\/#breadcrumb","itemListElement":[{"@type":"ListItem","position":1,"name":"Home","item":"https:\/\/casino-site-amp100.top\/"},{"@type":"ListItem","position":2,"name":"Hockey betting-tr"}]},{"@type":"WebSite","@id":"https:\/\/casino-site-amp100.top\/#website","url":"https:\/\/casino-site-amp100.top\/","name":"casino-site-amp100.top","description":"","potentialAction":[{"@type":"SearchAction","target":{"@type":"EntryPoint","urlTemplate":"https:\/\/casino-site-amp100.top\/?s={search_term_string}"},"query-input":{"@type":"PropertyValueSpecification","valueRequired":true,"valueName":"search_term_string"}}],"inLanguage":"ru-RU"}]}},"amp_enabled":true,"_links":{"self":[{"href":"https:\/\/casino-site-amp100.top\/wp-json\/wp\/v2\/pages\/3109","targetHints":{"allow":["GET"]}}],"collection":[{"href":"https:\/\/casino-site-amp100.top\/wp-json\/wp\/v2\/pages"}],"about":[{"href":"https:\/\/casino-site-amp100.top\/wp-json\/wp\/v2\/types\/page"}],"author":[{"embeddable":true,"href":"https:\/\/casino-site-amp100.top\/wp-json\/wp\/v2\/users\/1"}],"replies":[{"embeddable":true,"href":"https:\/\/casino-site-amp100.top\/wp-json\/wp\/v2\/comments?post=3109"}],"version-history":[{"count":1,"href":"https:\/\/casino-site-amp100.top\/wp-json\/wp\/v2\/pages\/3109\/revisions"}],"predecessor-version":[{"id":3110,"href":"https:\/\/casino-site-amp100.top\/wp-json\/wp\/v2\/pages\/3109\/revisions\/3110"}],"wp:attachment":[{"href":"https:\/\/casino-site-amp100.top\/wp-json\/wp\/v2\/media?parent=3109"}],"curies":[{"name":"wp","href":"https:\/\/api.w.org\/{rel}","templated":true}]}}