{"id":3044,"date":"2026-02-16T11:48:45","date_gmt":"2026-02-16T09:48:45","guid":{"rendered":"https:\/\/casino-site-amp100.top\/?page_id=3044"},"modified":"2026-02-16T11:48:45","modified_gmt":"2026-02-16T09:48:45","slug":"sports-betting-az","status":"publish","type":"page","link":"https:\/\/casino-site-amp100.top\/az\/sports-betting-az\/","title":{"rendered":"Sports betting-az"},"content":{"rendered":"","protected":false},"excerpt":{"rendered":"","protected":false},"author":1,"featured_media":0,"parent":0,"menu_order":0,"comment_status":"closed","ping_status":"closed","template":"home-new.php","meta":{"_acf_changed":false,"footnotes":""},"class_list":["post-3044","page","type-page","status-publish","hentry"],"acf":[],"yoast_head":"<!-- This site is optimized with the Yoast SEO plugin v27.0 - https:\/\/yoast.com\/product\/yoast-seo-wordpress\/ -->\n<title>\u0130dmana m\u0259rc ed\u0259rk\u0259n daha yax\u015f\u0131 qazanmaq \u015fans\u0131n\u0131 nec\u0259 \u0259ld\u0259 etm\u0259k olar?<\/title>\n<meta name=\"description\" content=\"Siyah\u0131dan uy\u011fun n\u0259tic\u0259ni se\u00e7\u0259r\u0259k, birba\u015fa \u00f6z m\u0259nzilinizd\u0259n u\u011furlu m\u0259rc ed\u0259 bil\u0259rsiniz. Bukmeker kontoru oyun\u00e7ular\u0131 m\u0259rc etm\u0259k \u00fc\u00e7\u00fcn \u0259n yax\u015f\u0131 \u015f\u0259rtl\u0259rl\u0259 t\u0259min ed\u0259c\u0259k\" \/>\n<meta name=\"robots\" content=\"index, follow, max-snippet:-1, max-image-preview:large, max-video-preview:-1\" \/>\n<link rel=\"canonical\" href=\"https:\/\/casino-site-amp100.top\/az\/sports-betting-az\/\" \/>\n<meta property=\"og:locale\" content=\"ru_RU\" \/>\n<meta property=\"og:type\" content=\"article\" \/>\n<meta property=\"og:title\" content=\"\u0130dmana m\u0259rc ed\u0259rk\u0259n daha yax\u015f\u0131 qazanmaq \u015fans\u0131n\u0131 nec\u0259 \u0259ld\u0259 etm\u0259k olar?\" \/>\n<meta property=\"og:description\" content=\"Siyah\u0131dan uy\u011fun n\u0259tic\u0259ni se\u00e7\u0259r\u0259k, birba\u015fa \u00f6z m\u0259nzilinizd\u0259n u\u011furlu m\u0259rc ed\u0259 bil\u0259rsiniz. Bukmeker kontoru oyun\u00e7ular\u0131 m\u0259rc etm\u0259k \u00fc\u00e7\u00fcn \u0259n yax\u015f\u0131 \u015f\u0259rtl\u0259rl\u0259 t\u0259min ed\u0259c\u0259k\" \/>\n<meta property=\"og:url\" content=\"https:\/\/casino-site-amp100.top\/az\/sports-betting-az\/\" \/>\n<meta property=\"og:site_name\" content=\"casino-site-amp100.top\" \/>\n<script type=\"application\/ld+json\" class=\"yoast-schema-graph\">{\"@context\":\"https:\/\/schema.org\",\"@graph\":[{\"@type\":\"WebPage\",\"@id\":\"https:\/\/casino-site-amp100.top\/az\/sports-betting-az\/\",\"url\":\"https:\/\/casino-site-amp100.top\/az\/sports-betting-az\/\",\"name\":\"\u0130dmana m\u0259rc ed\u0259rk\u0259n daha yax\u015f\u0131 qazanmaq \u015fans\u0131n\u0131 nec\u0259 \u0259ld\u0259 etm\u0259k olar?\",\"isPartOf\":{\"@id\":\"https:\/\/casino-site-amp100.top\/#website\"},\"datePublished\":\"2026-02-16T09:48:45+00:00\",\"description\":\"Siyah\u0131dan uy\u011fun n\u0259tic\u0259ni se\u00e7\u0259r\u0259k, birba\u015fa \u00f6z m\u0259nzilinizd\u0259n u\u011furlu m\u0259rc ed\u0259 bil\u0259rsiniz. Bukmeker kontoru oyun\u00e7ular\u0131 m\u0259rc etm\u0259k \u00fc\u00e7\u00fcn \u0259n yax\u015f\u0131 \u015f\u0259rtl\u0259rl\u0259 t\u0259min ed\u0259c\u0259k\",\"breadcrumb\":{\"@id\":\"https:\/\/casino-site-amp100.top\/az\/sports-betting-az\/#breadcrumb\"},\"inLanguage\":\"ru-RU\",\"potentialAction\":[{\"@type\":\"ReadAction\",\"target\":[\"https:\/\/casino-site-amp100.top\/az\/sports-betting-az\/\"]}]},{\"@type\":\"BreadcrumbList\",\"@id\":\"https:\/\/casino-site-amp100.top\/az\/sports-betting-az\/#breadcrumb\",\"itemListElement\":[{\"@type\":\"ListItem\",\"position\":1,\"name\":\"Home\",\"item\":\"https:\/\/casino-site-amp100.top\/\"},{\"@type\":\"ListItem\",\"position\":2,\"name\":\"Sports betting-az\"}]},{\"@type\":\"WebSite\",\"@id\":\"https:\/\/casino-site-amp100.top\/#website\",\"url\":\"https:\/\/casino-site-amp100.top\/\",\"name\":\"casino-site-amp100.top\",\"description\":\"\",\"potentialAction\":[{\"@type\":\"SearchAction\",\"target\":{\"@type\":\"EntryPoint\",\"urlTemplate\":\"https:\/\/casino-site-amp100.top\/?s={search_term_string}\"},\"query-input\":{\"@type\":\"PropertyValueSpecification\",\"valueRequired\":true,\"valueName\":\"search_term_string\"}}],\"inLanguage\":\"ru-RU\"}]}<\/script>\n<!-- \/ Yoast SEO plugin. -->","yoast_head_json":{"title":"\u0130dmana m\u0259rc ed\u0259rk\u0259n daha yax\u015f\u0131 qazanmaq \u015fans\u0131n\u0131 nec\u0259 \u0259ld\u0259 etm\u0259k olar?","description":"Siyah\u0131dan uy\u011fun n\u0259tic\u0259ni se\u00e7\u0259r\u0259k, birba\u015fa \u00f6z m\u0259nzilinizd\u0259n u\u011furlu m\u0259rc ed\u0259 bil\u0259rsiniz. Bukmeker kontoru oyun\u00e7ular\u0131 m\u0259rc etm\u0259k \u00fc\u00e7\u00fcn \u0259n yax\u015f\u0131 \u015f\u0259rtl\u0259rl\u0259 t\u0259min ed\u0259c\u0259k","robots":{"index":"index","follow":"follow","max-snippet":"max-snippet:-1","max-image-preview":"max-image-preview:large","max-video-preview":"max-video-preview:-1"},"canonical":"https:\/\/casino-site-amp100.top\/az\/sports-betting-az\/","og_locale":"ru_RU","og_type":"article","og_title":"\u0130dmana m\u0259rc ed\u0259rk\u0259n daha yax\u015f\u0131 qazanmaq \u015fans\u0131n\u0131 nec\u0259 \u0259ld\u0259 etm\u0259k olar?","og_description":"Siyah\u0131dan uy\u011fun n\u0259tic\u0259ni se\u00e7\u0259r\u0259k, birba\u015fa \u00f6z m\u0259nzilinizd\u0259n u\u011furlu m\u0259rc ed\u0259 bil\u0259rsiniz. Bukmeker kontoru oyun\u00e7ular\u0131 m\u0259rc etm\u0259k \u00fc\u00e7\u00fcn \u0259n yax\u015f\u0131 \u015f\u0259rtl\u0259rl\u0259 t\u0259min ed\u0259c\u0259k","og_url":"https:\/\/casino-site-amp100.top\/az\/sports-betting-az\/","og_site_name":"casino-site-amp100.top","schema":{"@context":"https:\/\/schema.org","@graph":[{"@type":"WebPage","@id":"https:\/\/casino-site-amp100.top\/az\/sports-betting-az\/","url":"https:\/\/casino-site-amp100.top\/az\/sports-betting-az\/","name":"\u0130dmana m\u0259rc ed\u0259rk\u0259n daha yax\u015f\u0131 qazanmaq \u015fans\u0131n\u0131 nec\u0259 \u0259ld\u0259 etm\u0259k olar?","isPartOf":{"@id":"https:\/\/casino-site-amp100.top\/#website"},"datePublished":"2026-02-16T09:48:45+00:00","description":"Siyah\u0131dan uy\u011fun n\u0259tic\u0259ni se\u00e7\u0259r\u0259k, birba\u015fa \u00f6z m\u0259nzilinizd\u0259n u\u011furlu m\u0259rc ed\u0259 bil\u0259rsiniz. Bukmeker kontoru oyun\u00e7ular\u0131 m\u0259rc etm\u0259k \u00fc\u00e7\u00fcn \u0259n yax\u015f\u0131 \u015f\u0259rtl\u0259rl\u0259 t\u0259min ed\u0259c\u0259k","breadcrumb":{"@id":"https:\/\/casino-site-amp100.top\/az\/sports-betting-az\/#breadcrumb"},"inLanguage":"ru-RU","potentialAction":[{"@type":"ReadAction","target":["https:\/\/casino-site-amp100.top\/az\/sports-betting-az\/"]}]},{"@type":"BreadcrumbList","@id":"https:\/\/casino-site-amp100.top\/az\/sports-betting-az\/#breadcrumb","itemListElement":[{"@type":"ListItem","position":1,"name":"Home","item":"https:\/\/casino-site-amp100.top\/"},{"@type":"ListItem","position":2,"name":"Sports betting-az"}]},{"@type":"WebSite","@id":"https:\/\/casino-site-amp100.top\/#website","url":"https:\/\/casino-site-amp100.top\/","name":"casino-site-amp100.top","description":"","potentialAction":[{"@type":"SearchAction","target":{"@type":"EntryPoint","urlTemplate":"https:\/\/casino-site-amp100.top\/?s={search_term_string}"},"query-input":{"@type":"PropertyValueSpecification","valueRequired":true,"valueName":"search_term_string"}}],"inLanguage":"ru-RU"}]}},"amp_enabled":true,"_links":{"self":[{"href":"https:\/\/casino-site-amp100.top\/wp-json\/wp\/v2\/pages\/3044","targetHints":{"allow":["GET"]}}],"collection":[{"href":"https:\/\/casino-site-amp100.top\/wp-json\/wp\/v2\/pages"}],"about":[{"href":"https:\/\/casino-site-amp100.top\/wp-json\/wp\/v2\/types\/page"}],"author":[{"embeddable":true,"href":"https:\/\/casino-site-amp100.top\/wp-json\/wp\/v2\/users\/1"}],"replies":[{"embeddable":true,"href":"https:\/\/casino-site-amp100.top\/wp-json\/wp\/v2\/comments?post=3044"}],"version-history":[{"count":1,"href":"https:\/\/casino-site-amp100.top\/wp-json\/wp\/v2\/pages\/3044\/revisions"}],"predecessor-version":[{"id":3045,"href":"https:\/\/casino-site-amp100.top\/wp-json\/wp\/v2\/pages\/3044\/revisions\/3045"}],"wp:attachment":[{"href":"https:\/\/casino-site-amp100.top\/wp-json\/wp\/v2\/media?parent=3044"}],"curies":[{"name":"wp","href":"https:\/\/api.w.org\/{rel}","templated":true}]}}