{"id":3013,"date":"2026-02-16T10:47:10","date_gmt":"2026-02-16T08:47:10","guid":{"rendered":"https:\/\/casino-site-amp100.top\/?page_id=3013"},"modified":"2026-02-16T10:47:10","modified_gmt":"2026-02-16T08:47:10","slug":"voleybol-bahisleri","status":"publish","type":"page","link":"https:\/\/casino-site-amp100.top\/tr\/voleybol-bahisleri\/","title":{"rendered":"Voleybol bahisleri"},"content":{"rendered":"","protected":false},"excerpt":{"rendered":"","protected":false},"author":1,"featured_media":0,"parent":0,"menu_order":0,"comment_status":"closed","ping_status":"closed","template":"home-new.php","meta":{"_acf_changed":false,"footnotes":""},"class_list":["post-3013","page","type-page","status-publish","hentry"],"acf":[],"yoast_head":"<!-- This site is optimized with the Yoast SEO plugin v27.0 - https:\/\/yoast.com\/product\/yoast-seo-wordpress\/ -->\n<title>1xBet T\u00fcrkiye&#039;de voleybol bahisleri<\/title>\n<meta name=\"description\" content=\"1xBet casino&#039;daki voleybol bahis b\u00f6l\u00fcm\u00fcne dair detayl\u0131 bir genel bak\u0131\u015f.\" \/>\n<meta name=\"robots\" content=\"index, follow, max-snippet:-1, max-image-preview:large, max-video-preview:-1\" \/>\n<link rel=\"canonical\" href=\"https:\/\/casino-site-amp100.top\/tr\/voleybol-bahisleri\/\" \/>\n<meta property=\"og:locale\" content=\"ru_RU\" \/>\n<meta property=\"og:type\" content=\"article\" \/>\n<meta property=\"og:title\" content=\"1xBet T\u00fcrkiye&#039;de voleybol bahisleri\" \/>\n<meta property=\"og:description\" content=\"1xBet casino&#039;daki voleybol bahis b\u00f6l\u00fcm\u00fcne dair detayl\u0131 bir genel bak\u0131\u015f.\" \/>\n<meta property=\"og:url\" content=\"https:\/\/casino-site-amp100.top\/tr\/voleybol-bahisleri\/\" \/>\n<meta property=\"og:site_name\" content=\"casino-site-amp100.top\" \/>\n<script type=\"application\/ld+json\" class=\"yoast-schema-graph\">{\"@context\":\"https:\/\/schema.org\",\"@graph\":[{\"@type\":\"WebPage\",\"@id\":\"https:\/\/casino-site-amp100.top\/tr\/voleybol-bahisleri\/\",\"url\":\"https:\/\/casino-site-amp100.top\/tr\/voleybol-bahisleri\/\",\"name\":\"1xBet T\u00fcrkiye'de voleybol bahisleri\",\"isPartOf\":{\"@id\":\"https:\/\/casino-site-amp100.top\/#website\"},\"datePublished\":\"2026-02-16T08:47:10+00:00\",\"description\":\"1xBet casino'daki voleybol bahis b\u00f6l\u00fcm\u00fcne dair detayl\u0131 bir genel bak\u0131\u015f.\",\"breadcrumb\":{\"@id\":\"https:\/\/casino-site-amp100.top\/tr\/voleybol-bahisleri\/#breadcrumb\"},\"inLanguage\":\"ru-RU\",\"potentialAction\":[{\"@type\":\"ReadAction\",\"target\":[\"https:\/\/casino-site-amp100.top\/tr\/voleybol-bahisleri\/\"]}]},{\"@type\":\"BreadcrumbList\",\"@id\":\"https:\/\/casino-site-amp100.top\/tr\/voleybol-bahisleri\/#breadcrumb\",\"itemListElement\":[{\"@type\":\"ListItem\",\"position\":1,\"name\":\"Home\",\"item\":\"https:\/\/casino-site-amp100.top\/\"},{\"@type\":\"ListItem\",\"position\":2,\"name\":\"Voleybol bahisleri\"}]},{\"@type\":\"WebSite\",\"@id\":\"https:\/\/casino-site-amp100.top\/#website\",\"url\":\"https:\/\/casino-site-amp100.top\/\",\"name\":\"casino-site-amp100.top\",\"description\":\"\",\"potentialAction\":[{\"@type\":\"SearchAction\",\"target\":{\"@type\":\"EntryPoint\",\"urlTemplate\":\"https:\/\/casino-site-amp100.top\/?s={search_term_string}\"},\"query-input\":{\"@type\":\"PropertyValueSpecification\",\"valueRequired\":true,\"valueName\":\"search_term_string\"}}],\"inLanguage\":\"ru-RU\"}]}<\/script>\n<!-- \/ Yoast SEO plugin. -->","yoast_head_json":{"title":"1xBet T\u00fcrkiye'de voleybol bahisleri","description":"1xBet casino'daki voleybol bahis b\u00f6l\u00fcm\u00fcne dair detayl\u0131 bir genel bak\u0131\u015f.","robots":{"index":"index","follow":"follow","max-snippet":"max-snippet:-1","max-image-preview":"max-image-preview:large","max-video-preview":"max-video-preview:-1"},"canonical":"https:\/\/casino-site-amp100.top\/tr\/voleybol-bahisleri\/","og_locale":"ru_RU","og_type":"article","og_title":"1xBet T\u00fcrkiye'de voleybol bahisleri","og_description":"1xBet casino'daki voleybol bahis b\u00f6l\u00fcm\u00fcne dair detayl\u0131 bir genel bak\u0131\u015f.","og_url":"https:\/\/casino-site-amp100.top\/tr\/voleybol-bahisleri\/","og_site_name":"casino-site-amp100.top","schema":{"@context":"https:\/\/schema.org","@graph":[{"@type":"WebPage","@id":"https:\/\/casino-site-amp100.top\/tr\/voleybol-bahisleri\/","url":"https:\/\/casino-site-amp100.top\/tr\/voleybol-bahisleri\/","name":"1xBet T\u00fcrkiye'de voleybol bahisleri","isPartOf":{"@id":"https:\/\/casino-site-amp100.top\/#website"},"datePublished":"2026-02-16T08:47:10+00:00","description":"1xBet casino'daki voleybol bahis b\u00f6l\u00fcm\u00fcne dair detayl\u0131 bir genel bak\u0131\u015f.","breadcrumb":{"@id":"https:\/\/casino-site-amp100.top\/tr\/voleybol-bahisleri\/#breadcrumb"},"inLanguage":"ru-RU","potentialAction":[{"@type":"ReadAction","target":["https:\/\/casino-site-amp100.top\/tr\/voleybol-bahisleri\/"]}]},{"@type":"BreadcrumbList","@id":"https:\/\/casino-site-amp100.top\/tr\/voleybol-bahisleri\/#breadcrumb","itemListElement":[{"@type":"ListItem","position":1,"name":"Home","item":"https:\/\/casino-site-amp100.top\/"},{"@type":"ListItem","position":2,"name":"Voleybol bahisleri"}]},{"@type":"WebSite","@id":"https:\/\/casino-site-amp100.top\/#website","url":"https:\/\/casino-site-amp100.top\/","name":"casino-site-amp100.top","description":"","potentialAction":[{"@type":"SearchAction","target":{"@type":"EntryPoint","urlTemplate":"https:\/\/casino-site-amp100.top\/?s={search_term_string}"},"query-input":{"@type":"PropertyValueSpecification","valueRequired":true,"valueName":"search_term_string"}}],"inLanguage":"ru-RU"}]}},"amp_enabled":true,"_links":{"self":[{"href":"https:\/\/casino-site-amp100.top\/wp-json\/wp\/v2\/pages\/3013","targetHints":{"allow":["GET"]}}],"collection":[{"href":"https:\/\/casino-site-amp100.top\/wp-json\/wp\/v2\/pages"}],"about":[{"href":"https:\/\/casino-site-amp100.top\/wp-json\/wp\/v2\/types\/page"}],"author":[{"embeddable":true,"href":"https:\/\/casino-site-amp100.top\/wp-json\/wp\/v2\/users\/1"}],"replies":[{"embeddable":true,"href":"https:\/\/casino-site-amp100.top\/wp-json\/wp\/v2\/comments?post=3013"}],"version-history":[{"count":1,"href":"https:\/\/casino-site-amp100.top\/wp-json\/wp\/v2\/pages\/3013\/revisions"}],"predecessor-version":[{"id":3014,"href":"https:\/\/casino-site-amp100.top\/wp-json\/wp\/v2\/pages\/3013\/revisions\/3014"}],"wp:attachment":[{"href":"https:\/\/casino-site-amp100.top\/wp-json\/wp\/v2\/media?parent=3013"}],"curies":[{"name":"wp","href":"https:\/\/api.w.org\/{rel}","templated":true}]}}