{"id":2985,"date":"2026-02-13T23:56:06","date_gmt":"2026-02-13T21:56:06","guid":{"rendered":"https:\/\/casino-site-amp100.top\/?page_id=2985"},"modified":"2026-02-13T23:56:06","modified_gmt":"2026-02-13T21:56:06","slug":"boks-m%c9%99rcl%c9%99ri","status":"publish","type":"page","link":"https:\/\/casino-site-amp100.top\/az\/boks-m%c9%99rcl%c9%99ri\/","title":{"rendered":"Boks m\u0259rcl\u0259ri"},"content":{"rendered":"","protected":false},"excerpt":{"rendered":"","protected":false},"author":1,"featured_media":0,"parent":0,"menu_order":0,"comment_status":"closed","ping_status":"closed","template":"home-new.php","meta":{"_acf_changed":false,"footnotes":""},"class_list":["post-2985","page","type-page","status-publish","hentry"],"acf":[],"yoast_head":"<!-- This site is optimized with the Yoast SEO plugin v27.0 - https:\/\/yoast.com\/product\/yoast-seo-wordpress\/ -->\n<title>1xBet Az\u0259rbaycan bukmeker kontorunda idman, boks \u00fczr\u0259 \u0259n s\u0259rf\u0259li m\u0259rcl\u0259r<\/title>\n<meta name=\"description\" content=\"1xBet-d\u0259 sad\u0259 qeydiyyat\u0131 tamamlay\u0131n v\u0259 \u0259n s\u0259rf\u0259li \u0259msallarla onlayn boks m\u0259rcl\u0259rini yerl\u0259\u015fdirin. Bukmeker kontoru s\u0259xav\u0259tli bonuslar t\u0259klif edir v\u0259 m\u0259rc etm\u0259k \u00fc\u00e7\u00fcn rahat \u015f\u0259rait yarad\u0131r\" \/>\n<meta name=\"robots\" content=\"index, follow, max-snippet:-1, max-image-preview:large, max-video-preview:-1\" \/>\n<link rel=\"canonical\" href=\"https:\/\/casino-site-amp100.top\/az\/boks-m\u0259rcl\u0259ri\/\" \/>\n<meta property=\"og:locale\" content=\"ru_RU\" \/>\n<meta property=\"og:type\" content=\"article\" \/>\n<meta property=\"og:title\" content=\"1xBet Az\u0259rbaycan bukmeker kontorunda idman, boks \u00fczr\u0259 \u0259n s\u0259rf\u0259li m\u0259rcl\u0259r\" \/>\n<meta property=\"og:description\" content=\"1xBet-d\u0259 sad\u0259 qeydiyyat\u0131 tamamlay\u0131n v\u0259 \u0259n s\u0259rf\u0259li \u0259msallarla onlayn boks m\u0259rcl\u0259rini yerl\u0259\u015fdirin. Bukmeker kontoru s\u0259xav\u0259tli bonuslar t\u0259klif edir v\u0259 m\u0259rc etm\u0259k \u00fc\u00e7\u00fcn rahat \u015f\u0259rait yarad\u0131r\" \/>\n<meta property=\"og:url\" content=\"https:\/\/casino-site-amp100.top\/az\/boks-m\u0259rcl\u0259ri\/\" \/>\n<meta property=\"og:site_name\" content=\"casino-site-amp100.top\" \/>\n<script type=\"application\/ld+json\" class=\"yoast-schema-graph\">{\"@context\":\"https:\/\/schema.org\",\"@graph\":[{\"@type\":\"WebPage\",\"@id\":\"https:\/\/casino-site-amp100.top\/az\/boks-m%c9%99rcl%c9%99ri\/\",\"url\":\"https:\/\/casino-site-amp100.top\/az\/boks-m%c9%99rcl%c9%99ri\/\",\"name\":\"1xBet Az\u0259rbaycan bukmeker kontorunda idman, boks \u00fczr\u0259 \u0259n s\u0259rf\u0259li m\u0259rcl\u0259r\",\"isPartOf\":{\"@id\":\"https:\/\/casino-site-amp100.top\/#website\"},\"datePublished\":\"2026-02-13T21:56:06+00:00\",\"description\":\"1xBet-d\u0259 sad\u0259 qeydiyyat\u0131 tamamlay\u0131n v\u0259 \u0259n s\u0259rf\u0259li \u0259msallarla onlayn boks m\u0259rcl\u0259rini yerl\u0259\u015fdirin. Bukmeker kontoru s\u0259xav\u0259tli bonuslar t\u0259klif edir v\u0259 m\u0259rc etm\u0259k \u00fc\u00e7\u00fcn rahat \u015f\u0259rait yarad\u0131r\",\"breadcrumb\":{\"@id\":\"https:\/\/casino-site-amp100.top\/az\/boks-m%c9%99rcl%c9%99ri\/#breadcrumb\"},\"inLanguage\":\"ru-RU\",\"potentialAction\":[{\"@type\":\"ReadAction\",\"target\":[\"https:\/\/casino-site-amp100.top\/az\/boks-m%c9%99rcl%c9%99ri\/\"]}]},{\"@type\":\"BreadcrumbList\",\"@id\":\"https:\/\/casino-site-amp100.top\/az\/boks-m%c9%99rcl%c9%99ri\/#breadcrumb\",\"itemListElement\":[{\"@type\":\"ListItem\",\"position\":1,\"name\":\"Home\",\"item\":\"https:\/\/casino-site-amp100.top\/\"},{\"@type\":\"ListItem\",\"position\":2,\"name\":\"Boks m\u0259rcl\u0259ri\"}]},{\"@type\":\"WebSite\",\"@id\":\"https:\/\/casino-site-amp100.top\/#website\",\"url\":\"https:\/\/casino-site-amp100.top\/\",\"name\":\"casino-site-amp100.top\",\"description\":\"\",\"potentialAction\":[{\"@type\":\"SearchAction\",\"target\":{\"@type\":\"EntryPoint\",\"urlTemplate\":\"https:\/\/casino-site-amp100.top\/?s={search_term_string}\"},\"query-input\":{\"@type\":\"PropertyValueSpecification\",\"valueRequired\":true,\"valueName\":\"search_term_string\"}}],\"inLanguage\":\"ru-RU\"}]}<\/script>\n<!-- \/ Yoast SEO plugin. -->","yoast_head_json":{"title":"1xBet Az\u0259rbaycan bukmeker kontorunda idman, boks \u00fczr\u0259 \u0259n s\u0259rf\u0259li m\u0259rcl\u0259r","description":"1xBet-d\u0259 sad\u0259 qeydiyyat\u0131 tamamlay\u0131n v\u0259 \u0259n s\u0259rf\u0259li \u0259msallarla onlayn boks m\u0259rcl\u0259rini yerl\u0259\u015fdirin. Bukmeker kontoru s\u0259xav\u0259tli bonuslar t\u0259klif edir v\u0259 m\u0259rc etm\u0259k \u00fc\u00e7\u00fcn rahat \u015f\u0259rait yarad\u0131r","robots":{"index":"index","follow":"follow","max-snippet":"max-snippet:-1","max-image-preview":"max-image-preview:large","max-video-preview":"max-video-preview:-1"},"canonical":"https:\/\/casino-site-amp100.top\/az\/boks-m\u0259rcl\u0259ri\/","og_locale":"ru_RU","og_type":"article","og_title":"1xBet Az\u0259rbaycan bukmeker kontorunda idman, boks \u00fczr\u0259 \u0259n s\u0259rf\u0259li m\u0259rcl\u0259r","og_description":"1xBet-d\u0259 sad\u0259 qeydiyyat\u0131 tamamlay\u0131n v\u0259 \u0259n s\u0259rf\u0259li \u0259msallarla onlayn boks m\u0259rcl\u0259rini yerl\u0259\u015fdirin. Bukmeker kontoru s\u0259xav\u0259tli bonuslar t\u0259klif edir v\u0259 m\u0259rc etm\u0259k \u00fc\u00e7\u00fcn rahat \u015f\u0259rait yarad\u0131r","og_url":"https:\/\/casino-site-amp100.top\/az\/boks-m\u0259rcl\u0259ri\/","og_site_name":"casino-site-amp100.top","schema":{"@context":"https:\/\/schema.org","@graph":[{"@type":"WebPage","@id":"https:\/\/casino-site-amp100.top\/az\/boks-m%c9%99rcl%c9%99ri\/","url":"https:\/\/casino-site-amp100.top\/az\/boks-m%c9%99rcl%c9%99ri\/","name":"1xBet Az\u0259rbaycan bukmeker kontorunda idman, boks \u00fczr\u0259 \u0259n s\u0259rf\u0259li m\u0259rcl\u0259r","isPartOf":{"@id":"https:\/\/casino-site-amp100.top\/#website"},"datePublished":"2026-02-13T21:56:06+00:00","description":"1xBet-d\u0259 sad\u0259 qeydiyyat\u0131 tamamlay\u0131n v\u0259 \u0259n s\u0259rf\u0259li \u0259msallarla onlayn boks m\u0259rcl\u0259rini yerl\u0259\u015fdirin. Bukmeker kontoru s\u0259xav\u0259tli bonuslar t\u0259klif edir v\u0259 m\u0259rc etm\u0259k \u00fc\u00e7\u00fcn rahat \u015f\u0259rait yarad\u0131r","breadcrumb":{"@id":"https:\/\/casino-site-amp100.top\/az\/boks-m%c9%99rcl%c9%99ri\/#breadcrumb"},"inLanguage":"ru-RU","potentialAction":[{"@type":"ReadAction","target":["https:\/\/casino-site-amp100.top\/az\/boks-m%c9%99rcl%c9%99ri\/"]}]},{"@type":"BreadcrumbList","@id":"https:\/\/casino-site-amp100.top\/az\/boks-m%c9%99rcl%c9%99ri\/#breadcrumb","itemListElement":[{"@type":"ListItem","position":1,"name":"Home","item":"https:\/\/casino-site-amp100.top\/"},{"@type":"ListItem","position":2,"name":"Boks m\u0259rcl\u0259ri"}]},{"@type":"WebSite","@id":"https:\/\/casino-site-amp100.top\/#website","url":"https:\/\/casino-site-amp100.top\/","name":"casino-site-amp100.top","description":"","potentialAction":[{"@type":"SearchAction","target":{"@type":"EntryPoint","urlTemplate":"https:\/\/casino-site-amp100.top\/?s={search_term_string}"},"query-input":{"@type":"PropertyValueSpecification","valueRequired":true,"valueName":"search_term_string"}}],"inLanguage":"ru-RU"}]}},"amp_enabled":true,"_links":{"self":[{"href":"https:\/\/casino-site-amp100.top\/wp-json\/wp\/v2\/pages\/2985","targetHints":{"allow":["GET"]}}],"collection":[{"href":"https:\/\/casino-site-amp100.top\/wp-json\/wp\/v2\/pages"}],"about":[{"href":"https:\/\/casino-site-amp100.top\/wp-json\/wp\/v2\/types\/page"}],"author":[{"embeddable":true,"href":"https:\/\/casino-site-amp100.top\/wp-json\/wp\/v2\/users\/1"}],"replies":[{"embeddable":true,"href":"https:\/\/casino-site-amp100.top\/wp-json\/wp\/v2\/comments?post=2985"}],"version-history":[{"count":1,"href":"https:\/\/casino-site-amp100.top\/wp-json\/wp\/v2\/pages\/2985\/revisions"}],"predecessor-version":[{"id":2986,"href":"https:\/\/casino-site-amp100.top\/wp-json\/wp\/v2\/pages\/2985\/revisions\/2986"}],"wp:attachment":[{"href":"https:\/\/casino-site-amp100.top\/wp-json\/wp\/v2\/media?parent=2985"}],"curies":[{"name":"wp","href":"https:\/\/api.w.org\/{rel}","templated":true}]}}