{"id":2895,"date":"2026-02-13T11:26:47","date_gmt":"2026-02-13T09:26:47","guid":{"rendered":"https:\/\/casino-site-amp100.top\/?page_id=2895"},"modified":"2026-02-13T11:26:47","modified_gmt":"2026-02-13T09:26:47","slug":"bukmeker-kontoru","status":"publish","type":"page","link":"https:\/\/casino-site-amp100.top\/az\/bukmeker-kontoru\/","title":{"rendered":"Bukmeker kontoru"},"content":{"rendered":"","protected":false},"excerpt":{"rendered":"","protected":false},"author":1,"featured_media":0,"parent":0,"menu_order":0,"comment_status":"closed","ping_status":"closed","template":"home-new.php","meta":{"_acf_changed":false,"footnotes":""},"class_list":["post-2895","page","type-page","status-publish","hentry"],"acf":[],"yoast_head":"<!-- This site is optimized with the Yoast SEO plugin v27.0 - https:\/\/yoast.com\/product\/yoast-seo-wordpress\/ -->\n<title>Bukmeker kontoru istifad\u0259\u00e7il\u0259r\u0259 hans\u0131 imkanlar a\u00e7\u0131r?<\/title>\n<meta name=\"description\" content=\"M\u00fcasir bukmeker kontoru m\u0259rc etm\u0259k \u00fc\u00e7\u00fcn ideal yerdir, oyun\u00e7ulara d\u0259qiq analiz vasit\u0259sil\u0259 g\u00f6z\u0259l udu\u015flar \u0259ld\u0259 etm\u0259y\u0259 v\u0259 g\u0259lirli promosyonlarda i\u015ftirak etm\u0259y\u0259 imkan verir.\" \/>\n<meta name=\"robots\" content=\"index, follow, max-snippet:-1, max-image-preview:large, max-video-preview:-1\" \/>\n<link rel=\"canonical\" href=\"https:\/\/casino-site-amp100.top\/az\/bukmeker-kontoru\/\" \/>\n<meta property=\"og:locale\" content=\"ru_RU\" \/>\n<meta property=\"og:type\" content=\"article\" \/>\n<meta property=\"og:title\" content=\"Bukmeker kontoru istifad\u0259\u00e7il\u0259r\u0259 hans\u0131 imkanlar a\u00e7\u0131r?\" \/>\n<meta property=\"og:description\" content=\"M\u00fcasir bukmeker kontoru m\u0259rc etm\u0259k \u00fc\u00e7\u00fcn ideal yerdir, oyun\u00e7ulara d\u0259qiq analiz vasit\u0259sil\u0259 g\u00f6z\u0259l udu\u015flar \u0259ld\u0259 etm\u0259y\u0259 v\u0259 g\u0259lirli promosyonlarda i\u015ftirak etm\u0259y\u0259 imkan verir.\" \/>\n<meta property=\"og:url\" content=\"https:\/\/casino-site-amp100.top\/az\/bukmeker-kontoru\/\" \/>\n<meta property=\"og:site_name\" content=\"casino-site-amp100.top\" \/>\n<script type=\"application\/ld+json\" class=\"yoast-schema-graph\">{\"@context\":\"https:\/\/schema.org\",\"@graph\":[{\"@type\":\"WebPage\",\"@id\":\"https:\/\/casino-site-amp100.top\/az\/bukmeker-kontoru\/\",\"url\":\"https:\/\/casino-site-amp100.top\/az\/bukmeker-kontoru\/\",\"name\":\"Bukmeker kontoru istifad\u0259\u00e7il\u0259r\u0259 hans\u0131 imkanlar a\u00e7\u0131r?\",\"isPartOf\":{\"@id\":\"https:\/\/casino-site-amp100.top\/#website\"},\"datePublished\":\"2026-02-13T09:26:47+00:00\",\"description\":\"M\u00fcasir bukmeker kontoru m\u0259rc etm\u0259k \u00fc\u00e7\u00fcn ideal yerdir, oyun\u00e7ulara d\u0259qiq analiz vasit\u0259sil\u0259 g\u00f6z\u0259l udu\u015flar \u0259ld\u0259 etm\u0259y\u0259 v\u0259 g\u0259lirli promosyonlarda i\u015ftirak etm\u0259y\u0259 imkan verir.\",\"breadcrumb\":{\"@id\":\"https:\/\/casino-site-amp100.top\/az\/bukmeker-kontoru\/#breadcrumb\"},\"inLanguage\":\"ru-RU\",\"potentialAction\":[{\"@type\":\"ReadAction\",\"target\":[\"https:\/\/casino-site-amp100.top\/az\/bukmeker-kontoru\/\"]}]},{\"@type\":\"BreadcrumbList\",\"@id\":\"https:\/\/casino-site-amp100.top\/az\/bukmeker-kontoru\/#breadcrumb\",\"itemListElement\":[{\"@type\":\"ListItem\",\"position\":1,\"name\":\"Home\",\"item\":\"https:\/\/casino-site-amp100.top\/\"},{\"@type\":\"ListItem\",\"position\":2,\"name\":\"Bukmeker kontoru\"}]},{\"@type\":\"WebSite\",\"@id\":\"https:\/\/casino-site-amp100.top\/#website\",\"url\":\"https:\/\/casino-site-amp100.top\/\",\"name\":\"casino-site-amp100.top\",\"description\":\"\",\"potentialAction\":[{\"@type\":\"SearchAction\",\"target\":{\"@type\":\"EntryPoint\",\"urlTemplate\":\"https:\/\/casino-site-amp100.top\/?s={search_term_string}\"},\"query-input\":{\"@type\":\"PropertyValueSpecification\",\"valueRequired\":true,\"valueName\":\"search_term_string\"}}],\"inLanguage\":\"ru-RU\"}]}<\/script>\n<!-- \/ Yoast SEO plugin. -->","yoast_head_json":{"title":"Bukmeker kontoru istifad\u0259\u00e7il\u0259r\u0259 hans\u0131 imkanlar a\u00e7\u0131r?","description":"M\u00fcasir bukmeker kontoru m\u0259rc etm\u0259k \u00fc\u00e7\u00fcn ideal yerdir, oyun\u00e7ulara d\u0259qiq analiz vasit\u0259sil\u0259 g\u00f6z\u0259l udu\u015flar \u0259ld\u0259 etm\u0259y\u0259 v\u0259 g\u0259lirli promosyonlarda i\u015ftirak etm\u0259y\u0259 imkan verir.","robots":{"index":"index","follow":"follow","max-snippet":"max-snippet:-1","max-image-preview":"max-image-preview:large","max-video-preview":"max-video-preview:-1"},"canonical":"https:\/\/casino-site-amp100.top\/az\/bukmeker-kontoru\/","og_locale":"ru_RU","og_type":"article","og_title":"Bukmeker kontoru istifad\u0259\u00e7il\u0259r\u0259 hans\u0131 imkanlar a\u00e7\u0131r?","og_description":"M\u00fcasir bukmeker kontoru m\u0259rc etm\u0259k \u00fc\u00e7\u00fcn ideal yerdir, oyun\u00e7ulara d\u0259qiq analiz vasit\u0259sil\u0259 g\u00f6z\u0259l udu\u015flar \u0259ld\u0259 etm\u0259y\u0259 v\u0259 g\u0259lirli promosyonlarda i\u015ftirak etm\u0259y\u0259 imkan verir.","og_url":"https:\/\/casino-site-amp100.top\/az\/bukmeker-kontoru\/","og_site_name":"casino-site-amp100.top","schema":{"@context":"https:\/\/schema.org","@graph":[{"@type":"WebPage","@id":"https:\/\/casino-site-amp100.top\/az\/bukmeker-kontoru\/","url":"https:\/\/casino-site-amp100.top\/az\/bukmeker-kontoru\/","name":"Bukmeker kontoru istifad\u0259\u00e7il\u0259r\u0259 hans\u0131 imkanlar a\u00e7\u0131r?","isPartOf":{"@id":"https:\/\/casino-site-amp100.top\/#website"},"datePublished":"2026-02-13T09:26:47+00:00","description":"M\u00fcasir bukmeker kontoru m\u0259rc etm\u0259k \u00fc\u00e7\u00fcn ideal yerdir, oyun\u00e7ulara d\u0259qiq analiz vasit\u0259sil\u0259 g\u00f6z\u0259l udu\u015flar \u0259ld\u0259 etm\u0259y\u0259 v\u0259 g\u0259lirli promosyonlarda i\u015ftirak etm\u0259y\u0259 imkan verir.","breadcrumb":{"@id":"https:\/\/casino-site-amp100.top\/az\/bukmeker-kontoru\/#breadcrumb"},"inLanguage":"ru-RU","potentialAction":[{"@type":"ReadAction","target":["https:\/\/casino-site-amp100.top\/az\/bukmeker-kontoru\/"]}]},{"@type":"BreadcrumbList","@id":"https:\/\/casino-site-amp100.top\/az\/bukmeker-kontoru\/#breadcrumb","itemListElement":[{"@type":"ListItem","position":1,"name":"Home","item":"https:\/\/casino-site-amp100.top\/"},{"@type":"ListItem","position":2,"name":"Bukmeker kontoru"}]},{"@type":"WebSite","@id":"https:\/\/casino-site-amp100.top\/#website","url":"https:\/\/casino-site-amp100.top\/","name":"casino-site-amp100.top","description":"","potentialAction":[{"@type":"SearchAction","target":{"@type":"EntryPoint","urlTemplate":"https:\/\/casino-site-amp100.top\/?s={search_term_string}"},"query-input":{"@type":"PropertyValueSpecification","valueRequired":true,"valueName":"search_term_string"}}],"inLanguage":"ru-RU"}]}},"amp_enabled":true,"_links":{"self":[{"href":"https:\/\/casino-site-amp100.top\/wp-json\/wp\/v2\/pages\/2895","targetHints":{"allow":["GET"]}}],"collection":[{"href":"https:\/\/casino-site-amp100.top\/wp-json\/wp\/v2\/pages"}],"about":[{"href":"https:\/\/casino-site-amp100.top\/wp-json\/wp\/v2\/types\/page"}],"author":[{"embeddable":true,"href":"https:\/\/casino-site-amp100.top\/wp-json\/wp\/v2\/users\/1"}],"replies":[{"embeddable":true,"href":"https:\/\/casino-site-amp100.top\/wp-json\/wp\/v2\/comments?post=2895"}],"version-history":[{"count":1,"href":"https:\/\/casino-site-amp100.top\/wp-json\/wp\/v2\/pages\/2895\/revisions"}],"predecessor-version":[{"id":2896,"href":"https:\/\/casino-site-amp100.top\/wp-json\/wp\/v2\/pages\/2895\/revisions\/2896"}],"wp:attachment":[{"href":"https:\/\/casino-site-amp100.top\/wp-json\/wp\/v2\/media?parent=2895"}],"curies":[{"name":"wp","href":"https:\/\/api.w.org\/{rel}","templated":true}]}}