{"id":2810,"date":"2026-02-12T13:32:46","date_gmt":"2026-02-12T11:32:46","guid":{"rendered":"https:\/\/casino-site-amp100.top\/?page_id=2810"},"modified":"2026-02-12T13:32:46","modified_gmt":"2026-02-12T11:32:46","slug":"onlayn-m%c9%99rc","status":"publish","type":"page","link":"https:\/\/casino-site-amp100.top\/az\/onlayn-m%c9%99rc\/","title":{"rendered":"Onlayn m\u0259rc"},"content":{"rendered":"","protected":false},"excerpt":{"rendered":"","protected":false},"author":1,"featured_media":0,"parent":0,"menu_order":0,"comment_status":"closed","ping_status":"closed","template":"home-new.php","meta":{"_acf_changed":false,"footnotes":""},"class_list":["post-2810","page","type-page","status-publish","hentry"],"acf":[],"yoast_head":"<!-- This site is optimized with the Yoast SEO plugin v27.0 - https:\/\/yoast.com\/product\/yoast-seo-wordpress\/ -->\n<title>Onlayn m\u0259rc oyunlar\u0131 Az\u0259rbaycan: virtual m\u0259rcl\u0259rin x\u00fcsusiyy\u0259tl\u0259ri v\u0259 \u00fcst\u00fcnl\u00fckl\u0259ri<\/title>\n<meta name=\"description\" content=\"Az\u0259rbaycan bukmeker kontorlar\u0131 maraql\u0131 v\u0259 s\u0259rf\u0259li m\u0259rc oyunlar\u0131 \u00fc\u00e7\u00fcn bir \u00e7ox imkanlar t\u0259klif edir. Balans\u0131n\u0131z\u0131 art\u0131rmaq \u00fc\u00e7\u00fcn onlayn idmana nec\u0259 m\u0259rc etm\u0259k olar\" \/>\n<meta name=\"robots\" content=\"index, follow, max-snippet:-1, max-image-preview:large, max-video-preview:-1\" \/>\n<link rel=\"canonical\" href=\"https:\/\/casino-site-amp100.top\/az\/onlayn-m\u0259rc\/\" \/>\n<meta property=\"og:locale\" content=\"ru_RU\" \/>\n<meta property=\"og:type\" content=\"article\" \/>\n<meta property=\"og:title\" content=\"Onlayn m\u0259rc oyunlar\u0131 Az\u0259rbaycan: virtual m\u0259rcl\u0259rin x\u00fcsusiyy\u0259tl\u0259ri v\u0259 \u00fcst\u00fcnl\u00fckl\u0259ri\" \/>\n<meta property=\"og:description\" content=\"Az\u0259rbaycan bukmeker kontorlar\u0131 maraql\u0131 v\u0259 s\u0259rf\u0259li m\u0259rc oyunlar\u0131 \u00fc\u00e7\u00fcn bir \u00e7ox imkanlar t\u0259klif edir. Balans\u0131n\u0131z\u0131 art\u0131rmaq \u00fc\u00e7\u00fcn onlayn idmana nec\u0259 m\u0259rc etm\u0259k olar\" \/>\n<meta property=\"og:url\" content=\"https:\/\/casino-site-amp100.top\/az\/onlayn-m\u0259rc\/\" \/>\n<meta property=\"og:site_name\" content=\"casino-site-amp100.top\" \/>\n<script type=\"application\/ld+json\" class=\"yoast-schema-graph\">{\"@context\":\"https:\/\/schema.org\",\"@graph\":[{\"@type\":\"WebPage\",\"@id\":\"https:\/\/casino-site-amp100.top\/az\/onlayn-m%c9%99rc\/\",\"url\":\"https:\/\/casino-site-amp100.top\/az\/onlayn-m%c9%99rc\/\",\"name\":\"Onlayn m\u0259rc oyunlar\u0131 Az\u0259rbaycan: virtual m\u0259rcl\u0259rin x\u00fcsusiyy\u0259tl\u0259ri v\u0259 \u00fcst\u00fcnl\u00fckl\u0259ri\",\"isPartOf\":{\"@id\":\"https:\/\/casino-site-amp100.top\/#website\"},\"datePublished\":\"2026-02-12T11:32:46+00:00\",\"description\":\"Az\u0259rbaycan bukmeker kontorlar\u0131 maraql\u0131 v\u0259 s\u0259rf\u0259li m\u0259rc oyunlar\u0131 \u00fc\u00e7\u00fcn bir \u00e7ox imkanlar t\u0259klif edir. Balans\u0131n\u0131z\u0131 art\u0131rmaq \u00fc\u00e7\u00fcn onlayn idmana nec\u0259 m\u0259rc etm\u0259k olar\",\"breadcrumb\":{\"@id\":\"https:\/\/casino-site-amp100.top\/az\/onlayn-m%c9%99rc\/#breadcrumb\"},\"inLanguage\":\"ru-RU\",\"potentialAction\":[{\"@type\":\"ReadAction\",\"target\":[\"https:\/\/casino-site-amp100.top\/az\/onlayn-m%c9%99rc\/\"]}]},{\"@type\":\"BreadcrumbList\",\"@id\":\"https:\/\/casino-site-amp100.top\/az\/onlayn-m%c9%99rc\/#breadcrumb\",\"itemListElement\":[{\"@type\":\"ListItem\",\"position\":1,\"name\":\"Home\",\"item\":\"https:\/\/casino-site-amp100.top\/\"},{\"@type\":\"ListItem\",\"position\":2,\"name\":\"Onlayn m\u0259rc\"}]},{\"@type\":\"WebSite\",\"@id\":\"https:\/\/casino-site-amp100.top\/#website\",\"url\":\"https:\/\/casino-site-amp100.top\/\",\"name\":\"casino-site-amp100.top\",\"description\":\"\",\"potentialAction\":[{\"@type\":\"SearchAction\",\"target\":{\"@type\":\"EntryPoint\",\"urlTemplate\":\"https:\/\/casino-site-amp100.top\/?s={search_term_string}\"},\"query-input\":{\"@type\":\"PropertyValueSpecification\",\"valueRequired\":true,\"valueName\":\"search_term_string\"}}],\"inLanguage\":\"ru-RU\"}]}<\/script>\n<!-- \/ Yoast SEO plugin. -->","yoast_head_json":{"title":"Onlayn m\u0259rc oyunlar\u0131 Az\u0259rbaycan: virtual m\u0259rcl\u0259rin x\u00fcsusiyy\u0259tl\u0259ri v\u0259 \u00fcst\u00fcnl\u00fckl\u0259ri","description":"Az\u0259rbaycan bukmeker kontorlar\u0131 maraql\u0131 v\u0259 s\u0259rf\u0259li m\u0259rc oyunlar\u0131 \u00fc\u00e7\u00fcn bir \u00e7ox imkanlar t\u0259klif edir. Balans\u0131n\u0131z\u0131 art\u0131rmaq \u00fc\u00e7\u00fcn onlayn idmana nec\u0259 m\u0259rc etm\u0259k olar","robots":{"index":"index","follow":"follow","max-snippet":"max-snippet:-1","max-image-preview":"max-image-preview:large","max-video-preview":"max-video-preview:-1"},"canonical":"https:\/\/casino-site-amp100.top\/az\/onlayn-m\u0259rc\/","og_locale":"ru_RU","og_type":"article","og_title":"Onlayn m\u0259rc oyunlar\u0131 Az\u0259rbaycan: virtual m\u0259rcl\u0259rin x\u00fcsusiyy\u0259tl\u0259ri v\u0259 \u00fcst\u00fcnl\u00fckl\u0259ri","og_description":"Az\u0259rbaycan bukmeker kontorlar\u0131 maraql\u0131 v\u0259 s\u0259rf\u0259li m\u0259rc oyunlar\u0131 \u00fc\u00e7\u00fcn bir \u00e7ox imkanlar t\u0259klif edir. Balans\u0131n\u0131z\u0131 art\u0131rmaq \u00fc\u00e7\u00fcn onlayn idmana nec\u0259 m\u0259rc etm\u0259k olar","og_url":"https:\/\/casino-site-amp100.top\/az\/onlayn-m\u0259rc\/","og_site_name":"casino-site-amp100.top","schema":{"@context":"https:\/\/schema.org","@graph":[{"@type":"WebPage","@id":"https:\/\/casino-site-amp100.top\/az\/onlayn-m%c9%99rc\/","url":"https:\/\/casino-site-amp100.top\/az\/onlayn-m%c9%99rc\/","name":"Onlayn m\u0259rc oyunlar\u0131 Az\u0259rbaycan: virtual m\u0259rcl\u0259rin x\u00fcsusiyy\u0259tl\u0259ri v\u0259 \u00fcst\u00fcnl\u00fckl\u0259ri","isPartOf":{"@id":"https:\/\/casino-site-amp100.top\/#website"},"datePublished":"2026-02-12T11:32:46+00:00","description":"Az\u0259rbaycan bukmeker kontorlar\u0131 maraql\u0131 v\u0259 s\u0259rf\u0259li m\u0259rc oyunlar\u0131 \u00fc\u00e7\u00fcn bir \u00e7ox imkanlar t\u0259klif edir. Balans\u0131n\u0131z\u0131 art\u0131rmaq \u00fc\u00e7\u00fcn onlayn idmana nec\u0259 m\u0259rc etm\u0259k olar","breadcrumb":{"@id":"https:\/\/casino-site-amp100.top\/az\/onlayn-m%c9%99rc\/#breadcrumb"},"inLanguage":"ru-RU","potentialAction":[{"@type":"ReadAction","target":["https:\/\/casino-site-amp100.top\/az\/onlayn-m%c9%99rc\/"]}]},{"@type":"BreadcrumbList","@id":"https:\/\/casino-site-amp100.top\/az\/onlayn-m%c9%99rc\/#breadcrumb","itemListElement":[{"@type":"ListItem","position":1,"name":"Home","item":"https:\/\/casino-site-amp100.top\/"},{"@type":"ListItem","position":2,"name":"Onlayn m\u0259rc"}]},{"@type":"WebSite","@id":"https:\/\/casino-site-amp100.top\/#website","url":"https:\/\/casino-site-amp100.top\/","name":"casino-site-amp100.top","description":"","potentialAction":[{"@type":"SearchAction","target":{"@type":"EntryPoint","urlTemplate":"https:\/\/casino-site-amp100.top\/?s={search_term_string}"},"query-input":{"@type":"PropertyValueSpecification","valueRequired":true,"valueName":"search_term_string"}}],"inLanguage":"ru-RU"}]}},"amp_enabled":true,"_links":{"self":[{"href":"https:\/\/casino-site-amp100.top\/wp-json\/wp\/v2\/pages\/2810","targetHints":{"allow":["GET"]}}],"collection":[{"href":"https:\/\/casino-site-amp100.top\/wp-json\/wp\/v2\/pages"}],"about":[{"href":"https:\/\/casino-site-amp100.top\/wp-json\/wp\/v2\/types\/page"}],"author":[{"embeddable":true,"href":"https:\/\/casino-site-amp100.top\/wp-json\/wp\/v2\/users\/1"}],"replies":[{"embeddable":true,"href":"https:\/\/casino-site-amp100.top\/wp-json\/wp\/v2\/comments?post=2810"}],"version-history":[{"count":1,"href":"https:\/\/casino-site-amp100.top\/wp-json\/wp\/v2\/pages\/2810\/revisions"}],"predecessor-version":[{"id":2811,"href":"https:\/\/casino-site-amp100.top\/wp-json\/wp\/v2\/pages\/2810\/revisions\/2811"}],"wp:attachment":[{"href":"https:\/\/casino-site-amp100.top\/wp-json\/wp\/v2\/media?parent=2810"}],"curies":[{"name":"wp","href":"https:\/\/api.w.org\/{rel}","templated":true}]}}